e prime factors of 2968373?
2968373
List the prime factors of 12816080.
2, 5, 160201
List the prime factors of 5502231.
3, 7, 87337
List the prime factors of 6499802.
2, 3249901
List the prime factors of 47447.
17, 2791
List the prime factors of 475648.
2, 929
What are the prime factors of 21709044?
2, 3, 7, 277, 311
What are the prime factors of 489535?
5, 19, 5153
What are the prime factors of 193173?
3, 19, 3389
List the prime factors of 9574774.
2, 11, 17, 25601
What are the prime factors of 27023590?
2, 5, 11, 47, 5227
List the prime factors of 213371.
23, 9277
What are the prime factors of 2261788?
2, 163, 3469
List the prime factors of 745402.
2, 7, 37, 1439
What are the prime factors of 343949?
41, 8389
What are the prime factors of 5642748?
2, 3, 41, 3823
What are the prime factors of 120139?
17, 37, 191
What are the prime factors of 649654?
2, 137, 2371
What are the prime factors of 3236569?
7, 67, 103
What are the prime factors of 500661?
3, 7, 883
List the prime factors of 115206.
2, 3, 7, 13, 211
What are the prime factors of 2335413?
3, 179, 4349
What are the prime factors of 4868243?
4868243
What are the prime factors of 8193?
3, 2731
List the prime factors of 1200395.
5, 7, 34297
What are the prime factors of 627272?
2, 89, 881
What are the prime factors of 846924?
2, 3, 13, 61, 89
List the prime factors of 29473146.
2, 3, 43, 4231
What are the prime factors of 19249?
19249
What are the prime factors of 18019726?
2, 587, 15349
List the prime factors of 107137.
107137
What are the prime factors of 5325854?
2, 37, 71971
List the prime factors of 625619.
41, 15259
List the prime factors of 3134256.
2, 3, 17, 23, 167
List the prime factors of 14487890.
2, 5, 1448789
List the prime factors of 11250764.
2, 7, 401813
List the prime factors of 1283544.
2, 3, 17827
What are the prime factors of 277095?
3, 5, 7, 13, 29
List the prime factors of 140292.
2, 3, 433
List the prime factors of 1724666.
2, 233, 3701
List the prime factors of 259893.
3, 67, 431
What are the prime factors of 983457?
3, 23, 4751
List the prime factors of 1329708.
2, 3, 29, 3821
What are the prime factors of 2252270?
2, 5, 225227
What are the prime factors of 808185?
3, 5, 7, 43, 179
List the prime factors of 2368837.
97, 24421
What are the prime factors of 82087?
23, 43, 83
List the prime factors of 1122715.
5, 11, 137, 149
List the prime factors of 5793431.
7, 827633
List the prime factors of 40534.
2, 13, 1559
List the prime factors of 13471638.
2, 3, 2245273
What are the prime factors of 445782?
2, 3, 74297
List the prime factors of 1629149.
1629149
What are the prime factors of 216434?
2, 108217
What are the prime factors of 4991001?
3, 109, 15263
What are the prime factors of 11122906?
2, 199, 27947
What are the prime factors of 349799?
499, 701
List the prime factors of 104722.
2, 52361
What are the prime factors of 3989368?
2, 43, 11597
List the prime factors of 3491932.
2, 179, 4877
List the prime factors of 87677.
43, 2039
What are the prime factors of 300931?
300931
What are the prime factors of 999546?
2, 3, 61, 2731
What are the prime factors of 60374?
2, 30187
What are the prime factors of 132340?
2, 5, 13, 509
What are the prime factors of 36560581?
773, 47297
What are the prime factors of 473722?
2, 17, 13933
What are the prime factors of 285347?
433, 659
List the prime factors of 4368404.
2, 19, 229, 251
What are the prime factors of 11832386?
2, 109, 54277
What are the prime factors of 392960?
2, 5, 307
List the prime factors of 9231636.
2, 3, 227, 3389
List the prime factors of 23069935.
5, 7, 17, 29, 191
List the prime factors of 696316.
2, 174079
What are the prime factors of 999397?
7, 142771
What are the prime factors of 310519?
11, 28229
What are the prime factors of 268749?
3, 13, 2297
List the prime factors of 10264710.
2, 3, 5, 463, 739
List the prime factors of 75326.
2, 37663
What are the prime factors of 11569347?
3, 19, 29, 2333
What are the prime factors of 2531016?
2, 3, 35153
List the prime factors of 482711.
482711
What are the prime factors of 144651?
3, 13, 3709
List the prime factors of 10588557.
3, 7, 72031
What are the prime factors of 394242?
2, 3, 65707
What are the prime factors of 363804?
2, 3, 7, 61, 71
List the prime factors of 9626879.
17, 33311
What are the prime factors of 962593?
599, 1607
List the prime factors of 1637033.
419, 3907
List the prime factors of 5352892.
2, 17, 223, 353
List the prime factors of 18379358.
2, 1193, 7703
List the prime factors of 104924.
2, 17, 1543
List the prime factors of 1459916.
2, 364979
What are the prime factors of 1035767?
229, 4523
What are the prime factors of 171466?
2, 85733
What are the prime factors of 202756?
2, 173, 293
What are the prime factors of 246610?
2, 5, 7, 13, 271
What are the prime factors of 935042?
2, 23, 20327
List the prime factors of 5655082.
2, 31, 197, 463
List the prime factors of 12319025.
5, 492761
What are the prime factors of 3659151?
3, 1219717
What are the prime factors of 12304150?
2, 5, 73, 3371
List the prime factors of 1488550.
2, 5, 7, 4253
What are the prime factors of 109611?
3, 19, 641
List the prime factors of 3120526.
2, 1560263
List the prime factors of 51211.
83, 617
What are the prime factors of 8053917?
3, 41, 65479
List the prime factors of 320279.
53, 6043
What are the prime factors of 191195?
5, 38239
List the prime factors of 462322.
2, 7, 33023
What are the prime factors of 1880892?
2, 3, 13, 4019
List the prime factors of 6889396.
2, 139, 12391
What are the prime factors of 2306047?
43, 53629
List the prime factors of 186413.
131, 1423
What are the prime factors of 33436?
2, 13, 643
What are the prime factors of 1059795?
3, 5, 11, 2141
What are the prime factors of 5350321?
31, 107, 1613
List the prime factors of 12433607.
389, 31963
List the prime factors of 20561.
29, 709
List the prime factors of 1491494.
2, 745747
List the prime factors of 9987084.
2, 3, 19, 31, 157
List the prime factors of 359054.
2, 179527
What are the prime factors of 4559930?
2, 5, 455993
List the prime factors of 8813352.
2, 3, 157, 2339
What are the prime factors of 368459?
7, 13, 4049
What are the prime factors of 1091893?
11, 17, 5839
What are the prime factors of 20349?
3, 7, 17, 19
What are the prime factors of 1243560?
2, 3, 5, 43, 241
List the prime factors of 16905437.
23, 735019
What are the prime factors of 32523?
3, 37, 293
What are the prime factors of 253823?
253823
List the prime factors of 206161.
29, 7109
List the prime factors of 12966101.
12966101
What are the prime factors of 340592?
2, 7, 3041
List the prime factors of 8738861.
181, 48281
What are the prime factors of 12868425?
3, 5, 57193
What are the prime factors of 8760037?
11, 13, 5569
What are the prime factors of 248033?
248033
What are the prime factors of 1235946?
2, 3, 205991
What are the prime factors of 843539?
843539
List the prime factors of 223783.
7, 4567
What are the prime factors of 199874?
2, 37, 73
What are the prime factors of 28410234?
2, 3, 113, 41903
What are the prime factors of 897435?
3, 5, 7, 11, 37
List the prime factors of 23141348.
2, 5785337
List the prime factors of 8218890.
2, 3, 5, 29, 47, 67
List the prime factors of 702249.
3, 234083
List the prime factors of 189896.
2, 7, 3391
What are the prime factors of 782736?
2, 3, 23, 709
What are the prime factors of 855065?
5, 29, 5897
List the prime factors of 622981.
59, 10559
What are the prime factors of 183902?
2, 91951
List the prime factors of 9183.
3, 3061
What are the prime factors of 18554753?
7, 227, 11677
List the prime factors of 10890622.
2, 5445311
List the prime factors of 2206659.
3, 7, 13, 59, 137
List the prime factors of 29108.
2, 19, 383
What are the prime factors of 13031001?
3, 1447889
What are the prime factors of 8171211?
3, 2723737
What are the prime factors of 497360?
2, 5, 6217
What are the prime factors of 419706?
2, 3, 7, 3331
What are the prime factors of 12391849?
293, 42293
What are the prime factors of 17460510?
2, 3, 5, 582017
What are the prime factors of 8572869?
3, 952541
What are the prime factors of 310598?
2, 155299
List the prime factors of 503727.
3, 7, 17, 83
List the prime factors of 102748.
2, 17, 1511
What are the prime factors of 254419?
11, 101, 229